2 - (6 + -5).
6
What is the value of -1 - (1 + 3 - 3) - -7?
5
Evaluate (2 - 1) + (-6 + 1 - 5).
-9
Evaluate -3 - ((3 - -4) + -6).
-4
-4 - (-4 + -3) - 4
-1
What is -7 - (-7 - 2) - (6 + 0)?
-4
What is the value of -3 + (7 - -1) + 4?
9
What is the value of -4 + (7 + -15 - -10)?
-2
What is the value of (13 - 5 - (5 + 0)) + -8?
-5
What is -4 + (-2 + -2 - (-27 - -23))?
-4
Evaluate -9 - (-16 - -9) - 2.
-4
1 - ((0 - 0) + -8 + 10)
-1
-13 - ((1 - 18) + 7)
-3
Calculate (-15 - (10 - 9)) + 10.
-6
What is the value of (-2 + 0 - 3) + 3 + 1?
-1
Evaluate 0 - (12 + -11 - (-1 - 1)).
-3
Evaluate 68 - 71 - (1 - (0 + 0)).
-4
Calculate (-1 - -11) + -5 + -10 - -5.
0
Evaluate (-30 - -34) + (-3 - 7).
-6
Calculate -1 - (-8 + 20 + -8 + -5).
0
What is 1 + -7 + 4 - -3?
1
(5 - (-1 + (0 - -3))) + -5
-2
What is -21 - -19 - (0 - 0)?
-2
Evaluate 4 + -5 + -5 + 3 - -6.
3
Evaluate 7 + (-1 - 1 - 1).
4
Calculate 7 + -6 + 3 + -4 + -2.
-2
What is -3 + 1 + (-4 - -4) + 4?
2
What is the value of (-5 + 4 - -6) + 0 - -1?
6
Calculate 8 - 7 - (4 + -2 - -6).
-7
3 - (0 + 1 + -1 + -1)
4
What is the value of -2 - ((-1 + -1 - -5) + -7)?
2
Evaluate 10 - (24 + (-17 - -9)).
-6
-8 - -11 - (2 - (-4 - 0))
-3
What is the value of 1 + -4 + (-7 - (0 - 6))?
-4
Evaluate 3 + 4 + 2 + -7.
2
Calculate 2 - (-1 + 1 - (-50 - -55)).
7
What is 13 + (-17 - 3) - 3?
-10
What is the value of 13 - 1 - (7 + -29 + 28)?
6
What is the value of -6 + (-4 - -2) - -3?
-5
Evaluate -2 - (-1 - -1) - (-3 + -2).
3
-1 + -1 + (-11 - -6 - -5)
-2
What is -3 + (6 - (2 - -1))?
0
Evaluate (7 + 0 + 0 - 4) + 0.
3
What is -5 + (1 - 5) + 12?
3
Calculate (1 - 3) + 5 - (18 - 18).
3
10 + -16 + 11 - 8
-3
What is the value of 2 - (2 + (2 - (2 + 0)))?
0
What is the value of 12 - -9 - 11 - 6?
4
What is (12 - (3 + 5)) + -3 + -3?
-2
-4 + 1 - (1 - 1)
-3
What is the value of (-1 - -6) + 15 + (-14 - 0)?
6
1 + -2 + (13 - (22 - 15))
5
What is the value of (11 - 6) + -4 + 0?
1
Calculate 1 + 1 + 1 - (43 - 44).
4
What is the value of -8 + 21 + (4 + -13 - -1)?
5
-3 + (-28 - -23) + (0 - -2)
-6
Calculate (35 - 45) + 0 + 6.
-4
-2 + 5 + (-10 - -14)
7
Calculate -4 + 4 - 5 - -6.
1
(1 - 12 - (14 + -17)) + 3
-5
What is 2 + -2 + (-6 - 2) + 6?
-2
Calculate 2 + -4 + (-5 - (-12 - -5)).
0
5 + (6 - (4 + 7))
0
Evaluate (-2 - -1) + -9 + 17.
7
What is -6 + 7 + -4 - 3?
-6
5 + 10 - 9 - 2
4
Evaluate 2 + -8 + (-29 - -30).
-5
Calculate (3 + -9 + -1 - 1) + 4.
-4
What is -3 + -1 + -2 + 6?
0
What is the value of -17 + 31 + 2 + -9 + 0?
7
Calculate 0 + 0 - 12 - (77 - 82).
-7
What is -6 + (-1 + -2 - -7)?
-2
Calculate -2 + (1 - 8 - -1) + 11.
3
-2 - (-7 + 7 - (-2 + 1))
-3
Calculate (-6 - 0) + -29 + 36.
1
Calculate (-5 - (-9 + 3)) + 1.
2
Calculate -6 - ((1 - 4) + 2).
-5
What is 2 - (-1 + -4 + 4)?
3
What is the value of (8 - 2) + -24 + 7?
-11
What is the value of (-2 - 0 - -8) + (-15 - -14)?
5
What is the value of 2 - (0 - (1 - -2 - 2))?
3
Calculate 7 + (2 - 0 - 5).
4
(7 - (-1 + 2)) + 24 + -28
2
-6 + (-5 - (-1 - 6))
-4
5 + -4 + -3 - -3
1
Calculate -3 - (-1 - (-2 - (-4 + 3))).
-3
What is 7 + -7 - 4 - 1?
-5
Evaluate (-11 - -1) + (-4 - 3 - -10).
-7
Calculate -1 - 2 - -1 - -4.
2
-5 - -3 - ((3 - -2) + -9)
2
Evaluate 6 + 1 + -3 - (0 + -1).
5
What is 1 + 11 + -15 - -7?
4
Evaluate -4 - (2 + (-3 - (-1 + 0))).
-4
Evaluate 0 + -2 - (-4 - (1 - 3)).
0
Evaluate (9 - 22) + -4 - (-8 - -1).
-10
-3 + -6 + (3 - -2)
-4
What is 3 + (-4 - -4 - (-2 + 2))?
3
What is the value of -8 - -7 - -10 - (1 + 3)?
5
Calculate 258 - 258 - (0 + 8).
-8
Evaluate -2 + -1 + 2 + 5.
4
What is 4 - -5 - 3 - (8 - 2)?
0
Evaluate -10 + (-6 + 7 - -3).
-6
4 + (-1 - 2) + 2
3
Evaluate 0 - ((7 - -2) + -2).
-7
What is (2 + -11 - -5) + 1?
-3
-4 - ((-3 - 6) + -3)
8
Evaluate (-3 - -4) + 4 - (-33 + 31).
7
-1 + 3 + (4 - -1 - 3)
4
What is the value of -2 - -8 - (-2 + 3)?
5
What is -2 + (-1 - -2) + 6?
5
Evaluate (0 - (-9 - -7)) + (-1 - -2).
3
1 + (-13 - -3 - -4)
-5
Evaluate -7 + (5 - (8 - 10)).
0
Evaluate -2 - 0 - (1 + 1 + 1).
-5
What is (-8 - (3 + -2)) + -15 + 20?
-4
What is (11 + -3 + 4 - 4) + 0?
8
What is the value of (2 - -4) + (-1 - (-3 + 2))?
6
What is 6 - ((3 - (-5 + 9)) + 2)?
5
What is 0 + 2 + 0 + -2 - 2?
-2
What is the value of -10 - (4 + -9 - 2)?
-3
What is the value of 5 + (4 - 6 - 3)?
0
-1 - 3 - (-1 - -1)
-4
What is the value of 5 + 8 + -20 + 1?
-6
Evaluate (-8 - -9) + -9 - -10.
2
Calculate -1 + -4 - (5 + (4 - 13)).
-1
Calculate 12 + -5 + -8 - (-1 - 0).
0
-3 - (-2 - (-5 + 4))
-2
Calculate -3 - ((-4 - -6) + -1).
-4
Evaluate 2 - -2 - 6 - -7.
5
-7 + -5 + 1 + 3 + 3
-5
Evaluate 2 - (-2 + 3) - 1.
0
-3 - (-9 - -3 - (0 + -1))
2
What is the value of -1 - 12 - (-8 + 11 + -8)?
-8
3 + -13 + 7 - 2
-5
What is the value of 4 - (-1 + -3 + 11)?
-3
What is the value of -4 - (-3 - -3 - 9)?
5
Evaluate 43 + -41 + (-1 - -5).
6
Calculate -4 - (0 + (8 + -9 - 6)).
3
Calculate 6 + -8 + -1 + -1.
-4
Calculate -4 + (-35 - -31) + (0 - -3).
-5
What is the value of 2 - (7 - ((3 - 1) + -2))?
-5
Calculate -1 + -2 - (-2 + -4).
3
What is the value of -1 + -4 + -3 + 9?
1
1 + -4 + -4 + 7
0
Calculate (-8 - -5) + 2 + 9.
8
What is the value of 1 - 2 - (-34 + 33)?
0
Evaluate 6 + -11 + 4 + -4 + 2.
-3
Calculate -5 - (4 + (0 - 5)).
-4
What is 3 - (-4 - -15) - -5?
-3
Evaluate 7 + -4 + 1 - -3.
7
3 + -7 + 8 - (-1 - -5)
0
What is -2 + -3 + 1 + 1?
-3
Calculate 5 + 4 + (-2 - 6).
1
Calculate (2 - -2 - 0) + -1 + -5.
-2
Evaluate (-2 - (-2 - -2)) + (10 - 6).
2
-1 - (2 + -3 - (0 + -2))
-2
0 + (-2 - (3 + -4))
-1
Calculate (-1 + 0 - (3 - 0)) + -1.
-5
Calculate -2 + (-1 - 1) + 15 + -6.
5
Evaluate 3 - (1 + 0 + 7).
-5
What is the value of 10 - (13 + -2 + -4)?
3
Evaluate (1 - 6) + 1 - (1 - 9).
4
Evaluate (0 - -2 - (-7 - -6)) + -1.
2
-4 - (-11 - (-4 + -5))
-2
Evaluate 50 + -42 + (0 - -3 - 3).
8
What is the value of -5 - ((0 - 1) + -27 + 20)?
3
Calculate 1 + -1 + (2 - 10 - -8).
0
What is (-11 - -6) + 11 - 1?
5
What is the value of -1 + 4 + -2 - 3?
-2
Calculate 0 + ((0 - 2) + 4 - 4).
-2
-3 + (3 - (4 - 1))
-3
Evaluate 4 - ((9 - 8) + 6).
-3
1 - (-2 + 1 + 4 + -1)
-1
Evaluate 6 - (-5 - (-5 - 1)).
5
Calculate (-1 - -1) + -2 + -1 + 6.
3
Evaluate 1 - -3 - (3 - -3).
-2
What is the value of (-3 - (-11 + 4)) + -2?
2
What is (69 - 53) + (-1 - 10)?
5
(0 - 2) + -27 + 30
1
4 - 4 - (2 - 6)
4
Evaluate (3 - 5 - -4) + (-5 - 0).
-3
What is 3 - ((0 - (-8 + 4)) + -5)?
4
What is the value of 11 - (-13 + 2 + 17)?
5
Evaluate 6 - (2 + (5 - 9) + 1).
7
What is -1 + (3 - ((2 - 0) + -1))?
1
Evaluate 0 + 2 + -4 - -5 - -1.
4
What is the value of 4 - (-2 + 3) - (-4 - -2)?
5
Evaluate -6 + 1 + -4 + 3 + 1.
-5
What is the value of 5 + -7 - (-2 - 2)?
2
What is the value of -3 + 4 + (-4 + 3 - 3)?
-3
(-19 + 2 - -10) + 14
7
What is the value of -1 + -2 - (6 + -12)?
3
3 - 16 - (5 + -13)
-5
6 - (-4 - 1 - (-70 + 52))
-7
What is the value of 3 + 0 + -3 + 2?
2
Evaluate (0 - 3) + 1 + -1.
-3
Calculate -3 - -10 - (-16 - -15).
8
Calculate 1 + (2 - 1) + -7 + 0.
-5
Evaluate 1 + -4 + 7 + -6.
-2
What is the value of 1 - -6 - (7 + -2 + -1)?
3
What is the value of 0 + -3 + 5 - (1 + 2)?
-1
Evaluate 2 + -15 + (60 - 50).
-3
Calculate -7 + 1 - (-18 + (-1 - -12)).
1
Calculate 3 + (-4 - 3) + 10 + -3.
3
Evaluate (0 - -4) + -4 + 5.
5
-2 - (-6 + (2 - (-4 + 1)))
-1
Calculate 0 - ((14 - 13) + -2 + -1).
2
What is the value of 2 + -4 + 1 + -1?
-2
What is -1 + (-2 + -2 - -1) - -5?
1
Calculate -4 + (2 - (5 - 5)).
-2
Calculate -4 - (-3 - (2 - (-4 + 7))).
-2
What is the value of -8 + -6 + (1 - -8)?
-5
-73 - -75 - (2 + -3)
3
What is the value of 2 + (-2 + -1 - -3)?
2
What is the value of 3 + -27 - -15 - -2?
-7
Evaluate 3 + 1 - (7 + (3 - 7)).
1
What is 6 - 1 - (0 - -8)?
-3
-5 + 1 + 5 + -8
-7
-4 + 7 + -5 - (1 + -2)
-1
Calculate 7 - (3 + 0 + (1 - -12)).
-9
Evaluate 3 + -4 + 5 + (-5 - 0).
-1
-9 + (3 - -9) + -5
-2
Calculate 9 + (-1 - (9 - 6)).
5
Evaluate -6 + (-1 - -8) + 2.
3
What is the value of 2 + -3 - (0 + -6 - -2)?
3
Evaluate -5 + 2 + 3 - -4.
4
What is the value of -1 + -2 + -3 + 5 - 1?
-2
Calculate -2 + (-5 + 10 - 5 - 2).
-4
Calculate -15 + (-5 - (7 + -4 + -15)).
-8
Evaluate 7 - (2 + 8 + 0).
-3
What is -4 + (-2 - -7) - 2 - -7?
6
Calculate -7 + -3 + 11 - (1 - -2).
-2
Evaluate -4 + (-4 - -4) + 3.
-1
Evaluate -2 + (0 - -1) + (4 - 9).
-6
What is the value of -2 + (-1 + (2 - -1) - 2)?
-2
What is the value of -16 + 13 - (1 + (-1 - 2))?
-1
Calculate 2 - (2 + 8 - 7).
-1
What is -